se 4.
-2012
What is 1 (base 4) in base 9?
1
Convert -102 (base 4) to base 13.
-15
What is 6 (base 11) in base 5?
11
-13 (base 4) to base 16
-7
-5 (base 16) to base 6
-5
Convert 2101 (base 3) to base 5.
224
Convert -6 (base 11) to base 12.
-6
Convert -13 (base 6) to base 11.
-9
-46 (base 12) to base 14
-3c
Convert -24 (base 5) to base 9.
-15
Convert 16 (base 10) to base 2.
10000
What is 11 (base 9) in base 7?
13
303 (base 5) to base 9
86
Convert -71 (base 8) to base 13.
-45
28 (base 11) to base 12
26
-ed (base 16) to base 12
-179
Convert 11 (base 6) to base 15.
7
What is -5 (base 10) in base 4?
-11
What is 320 (base 10) in base 3?
102212
Convert 3 (base 9) to base 5.
3
What is 425 (base 9) in base 16?
15b
What is 13 (base 12) in base 10?
15
-2 (base 6) to base 14
-2
Convert 12 (base 3) to base 15.
5
What is 41 (base 6) in base 9?
27
Convert -15 (base 7) to base 3.
-110
What is -3a (base 13) in base 14?
-37
What is 3 (base 8) in base 16?
3
What is 2 (base 5) in base 8?
2
Convert -9 (base 11) to base 13.
-9
3 (base 9) to base 12
3
1 (base 15) to base 4
1
Convert -6 (base 14) to base 11.
-6
What is 31 (base 6) in base 2?
10011
Convert 5 (base 15) to base 6.
5
Convert -1 (base 8) to base 9.
-1
125 (base 6) to base 9
58
What is 7 (base 8) in base 5?
12
Convert 2 (base 11) to base 13.
2
Convert 1 (base 5) to base 4.
1
Convert 4 (base 9) to base 4.
10
What is 2 (base 16) in base 15?
2
-1 (base 11) to base 9
-1
Convert 5 (base 8) to base 6.
5
320 (base 6) to base 9
143
2 (base 6) to base 7
2
-d (base 15) to base 14
-d
10 (base 8) to base 2
1000
Convert -10000110 (base 2) to base 6.
-342
25 (base 16) to base 4
211
What is 106 (base 14) in base 5?
1302
12 (base 10) to base 5
22
Convert 68 (base 14) to base 3.
10102
Convert 115 (base 7) to base 5.
221
What is -1 (base 12) in base 4?
-1
Convert -51 (base 9) to base 6.
-114
What is -24 (base 14) in base 13?
-26
-d (base 16) to base 10
-13
Convert -10 (base 3) to base 13.
-3
1 (base 10) to base 11
1
What is 9 (base 15) in base 3?
100
12 (base 5) to base 16
7
-504 (base 6) to base 14
-d2
2 (base 9) to base 11
2
Convert -7 (base 11) to base 2.
-111
What is -27 (base 13) in base 7?
-45
-10 (base 15) to base 11
-14
Convert 3 (base 15) to base 2.
11
What is -1201 (base 4) in base 6?
-241
0 (base 10) to base 8
0
Convert -188 (base 10) to base 11.
-161
Convert -bb (base 13) to base 9.
-181
What is 3 (base 4) in base 7?
3
What is 147 (base 8) in base 4?
1213
Convert -240 (base 12) to base 3.
-110110
-8e (base 15) to base 7
-251
Convert 0 (base 5) to base 12.
0
2 (base 4) to base 11
2
Convert -3 (base 15) to base 12.
-3
What is d6 (base 15) in base 11?
173
1 (base 11) to base 5
1
Convert 2 (base 15) to base 6.
2
What is 3 (base 7) in base 14?
3
Convert 1 (base 8) to base 4.
1
What is 111 (base 3) in base 13?
10
What is -2 (base 6) in base 7?
-2
Convert -102 (base 6) to base 4.
-212
-38 (base 9) to base 13
-29
Convert -314 (base 10) to base 8.
-472
5 (base 12) to base 4
11
What is -132 (base 5) in base 13?
-33
Convert -a7 (base 13) to base 14.
-9b
What is 13 (base 6) in base 10?
9
-8 (base 15) to base 16
-8
1 (base 8) to base 10
1
20 (base 14) to base 12
24
Convert 9 (base 14) to base 9.
10
What is -3 (base 14) in base 2?
-11
340 (base 6) to base 11
110
What is 111 (base 2) in base 6?
11
-64 (base 11) to base 3
-2121
-42 (base 6) to base 16
-1a
What is 106 (base 9) in base 4?
1113
Convert 2 (base 6) to base 14.
2
a (base 14) to base 12
a
What is -200 (base 4) in base 6?
-52
1 (base 15) to base 9
1
6 (base 10) to base 5
11
136 (base 7) to base 12
64
21 (base 16) to base 3
1020
664 (base 7) to base 14
1a4
10a (base 15) to base 9
281
15 (base 6) to base 13
b
Convert -112 (base 3) to base 9.
-15
What is 9 (base 13) in base 11?
9
Convert -6 (base 11) to base 15.
-6
Convert -100 (base 2) to base 10.
-4
What is 15 (base 6) in base 9?
12
What is 1231 (base 6) in base 5?
2212
16 (base 14) to base 12
18
What is 123 (base 11) in base 14?
a6
1111 (base 3) to base 10
40
What is 20 (base 4) in base 15?
8
What is 1 (base 13) in base 14?
1
What is 122 (base 6) in base 16?
32
Convert 1 (base 11) to base 3.
1
-73 (base 14) to base 2
-1100101
Convert 300 (base 7) to base 8.
223
What is -112 (base 6) in base 3?
-1122
-2 (base 5) to base 14
-2
What is -5 (base 11) in base 10?
-5
What is 1b (base 12) in base 7?
32
Convert 1 (base 5) to base 4.
1
What is 20012 (base 3) in base 11?
142
Convert 331 (base 5) to base 14.
67
What is 2120 (base 5) in base 8?
435
What is -60 (base 11) in base 6?
-150
Convert -100 (base 9) to base 10.
-81
Convert 6 (base 11) to base 8.
6
What is -14 (base 16) in base 14?
-16
What is -27 (base 8) in base 9?
-25
What is -2 (base 15) in base 10?
-2
What is 6 (base 11) in base 8?
6
What is -1 (base 11) in base 7?
-1
e (base 16) to base 10
14
-14 (base 10) to base 15
-e
What is 2 (base 7) in base 8?
2
Convert -100 (base 8) to base 5.
-224
Convert -1 (base 2) to base 12.
-1
86 (base 11) to base 10
94
Convert 2 (base 10) to base 8.
2
101 (base 4) to base 11
16
-3 (base 12) to base 15
-3
What is -300 (base 8) in base 13?
-11a
Convert -4 (base 16) to base 7.
-4
Convert -4 (base 9) to base 11.
-4
What is 17 (base 12) in base 2?
10011
Convert -15 (base 6) to base 15.
-b
What is 121 (base 16) in base 14?
169
Convert -6a (base 14) to base 10.
-94
Convert -2222 (base 3) to base 4.
-1100
What is -53 (base 9) in base 5?
-143
What is -d8 (base 14) in base 8?
-276
What is 2 (base 4) in base 16?
2
Convert 6 (base 10) to base 2.
110
301 (base 9) to base 6
1044
What is 30 (base 5) in base 12?
13
-202 (base 8) to base 10
-130
What is -1 (base 10) in base 12?
-1
1 (base 14) to base 15
1
Convert -3 (base 7) to base 15.
-3
What is 0 (base 4) in base 5?
0
What is -a (base 12) in base 10?
-10
What is 41 (base 13) in base 12?
45
What is 4a (base 15) in base 14?
50
What is -5 (base 11) in base 13?
-5
Convert -100 (base 2) to base 7.
-4
-6 (base 11) to base 2
-110
Convert -53 (base 7) to base 14.
-2a
Convert -2 (base 6) to base 11.
-2
What is -6 (base 12) in base 11?
-6
What is -24 (base 5) in base 7?
-20
What is 10 (base 2) in base 14?
2
-10 (base 5) to base 11
-5
-20 (base 13) to base 14
-1c
0 (base 4) to base 15
0
What is -2 (base 12) in base 5?
-2
Convert a1 (base 16) to base 9.
188
16 (base 14) to base 8
24
Convert 9 (base 13) to base 16.
9
55 (base 6) to base 12
2b
-36 (base 9) to base 8
-41
Convert 9 (base 13) to base 15.
9
-311 (base 4) to base 16
-35
10111101 (base 2) to base 12
139
What is -2 (base 14) in base 11?
-2
375 (base 10) to base 16
177
10 (base 3) to base 12
3
What is -4 (base 9) in base 13?
-4
What is -121 (base 4) in base 12?
-21
0 (base 14) to base 9
0
-78 (base 16) to base 8
-170
-11 (base 5) to base 13
-6
What is 1 (base 5) in base 7?
1
Convert 15 (base 12) to base 7.
23
Convert -d (base 15) to base 11.
-12
What is -100 (base 4) in base 3?
-121
What is -15 (base 8) in base 9?
-14
What is -4 (base 9) in base 2?
-100
What is -33 (base 10) in base 6?
-53
-18 (base 11) to base 14
-15
What is -12 (base 3) in base 16?
-5
What is 31 (base 7) in base 8?
26
What is 2020 (base 3) in base 8?
74
111110 (base 2) to base 6
142
Convert -10 (base 16) to base 6.
-24
What is 6 (base 14) in base 3?
20
Convert 101 (base 9) to base 3.
10001
-321 (base 4) to base 12
-49
Convert -2 (base 11) to base 16.
-2
What is 1 (base 14) in base 6?
1
-b (base 13) to base 6
-15
Convert -6 (base 7) to base 8.
-6
Convert -404 (base 5) to base 8.
-150
1 (base 9) to base 11
1
7 (base 16) to base 7
10
-34 (base 6) to base 3
-211
Convert 3 (base 14) to base 5.
3
6 (base 7) to base 8
6
What is -23 (base 8) in base 12?
-17
What is 93 (base 15) in base 6?
350
0 (base 8) to base 4
0
17 (base 16) to base 15
18
133 (base 4) to base 2
11111
Convert 1 (base 12) to base 15.
1
What is -2 (base 16) in base 12?
-2
What is -57 (base 15) in base 12?
-6a
-10221 (base 3) to base 9
-127
What is -28 (base 14) in base 6?
-100
What is -110111111 (base 2) in base 7?
-1206
3 (base 8) to base 15
3
What is -10 (base 2) in base 13?
-2
-36 (base 9) to base 11
-30
Convert -5 (base 6) to base 14.
-5
-4 (base 13) to base 4
-10
Convert 10 (base 11) to base 15.
b
Convert 10 (base 2) to base 16.
2
Convert 37 (base 8) to base 15.
21
What is -34 (base 6) in base 12?
-1a
What is 42 (base 16